actors of 3173.
19, 167
What are the prime factors of 12091?
107, 113
List the prime factors of 8893.
8893
What are the prime factors of 47596?
2, 73, 163
List the prime factors of 4308.
2, 3, 359
What are the prime factors of 2665?
5, 13, 41
List the prime factors of 1324.
2, 331
What are the prime factors of 2051?
7, 293
What are the prime factors of 6339?
3, 2113
What are the prime factors of 7103?
7103
What are the prime factors of 1426?
2, 23, 31
List the prime factors of 8115.
3, 5, 541
List the prime factors of 2851.
2851
List the prime factors of 2100.
2, 3, 5, 7
What are the prime factors of 1247?
29, 43
List the prime factors of 6971.
6971
What are the prime factors of 2692?
2, 673
What are the prime factors of 2690?
2, 5, 269
What are the prime factors of 41841?
3, 4649
What are the prime factors of 85911?
3, 7, 4091
What are the prime factors of 62729?
149, 421
What are the prime factors of 1599?
3, 13, 41
What are the prime factors of 6187?
23, 269
What are the prime factors of 6655?
5, 11
List the prime factors of 329.
7, 47
List the prime factors of 7520.
2, 5, 47
What are the prime factors of 156798?
2, 3, 31, 281
What are the prime factors of 1472?
2, 23
What are the prime factors of 1065?
3, 5, 71
List the prime factors of 28944.
2, 3, 67
What are the prime factors of 50265?
3, 5, 1117
List the prime factors of 13490.
2, 5, 19, 71
List the prime factors of 2101.
11, 191
List the prime factors of 7273.
7, 1039
What are the prime factors of 7?
7
List the prime factors of 2310.
2, 3, 5, 7, 11
List the prime factors of 1071.
3, 7, 17
What are the prime factors of 3092?
2, 773
What are the prime factors of 5408?
2, 13
What are the prime factors of 3308?
2, 827
What are the prime factors of 905?
5, 181
List the prime factors of 8688.
2, 3, 181
List the prime factors of 25860.
2, 3, 5, 431
List the prime factors of 6197.
6197
List the prime factors of 129.
3, 43
List the prime factors of 12161.
12161
What are the prime factors of 35217?
3, 7, 13, 43
List the prime factors of 2452.
2, 613
What are the prime factors of 1268?
2, 317
What are the prime factors of 2710?
2, 5, 271
What are the prime factors of 22323?
3, 7, 1063
What are the prime factors of 24142?
2, 12071
List the prime factors of 456.
2, 3, 19
List the prime factors of 7619.
19, 401
What are the prime factors of 186?
2, 3, 31
List the prime factors of 56609.
7, 8087
List the prime factors of 2121.
3, 7, 101
What are the prime factors of 3664?
2, 229
What are the prime factors of 650?
2, 5, 13
What are the prime factors of 10463?
10463
What are the prime factors of 587?
587
What are the prime factors of 2158?
2, 13, 83
What are the prime factors of 19653?
3, 6551
What are the prime factors of 10627?
10627
List the prime factors of 659.
659
What are the prime factors of 47475?
3, 5, 211
List the prime factors of 380.
2, 5, 19
List the prime factors of 14004.
2, 3, 389
List the prime factors of 18912.
2, 3, 197
What are the prime factors of 59834?
2, 29917
What are the prime factors of 78308?
2, 19577
What are the prime factors of 9214?
2, 17, 271
List the prime factors of 8491.
7, 1213
List the prime factors of 142261.
7, 20323
What are the prime factors of 175888?
2, 10993
List the prime factors of 760.
2, 5, 19
What are the prime factors of 11182?
2, 5591
List the prime factors of 2139.
3, 23, 31
List the prime factors of 8894.
2, 4447
What are the prime factors of 12390?
2, 3, 5, 7, 59
List the prime factors of 774.
2, 3, 43
List the prime factors of 70927.
19, 3733
What are the prime factors of 38918?
2, 11, 29, 61
List the prime factors of 11.
11
What are the prime factors of 25792?
2, 13, 31
List the prime factors of 5951.
11, 541
List the prime factors of 2399.
2399
List the prime factors of 69141.
3, 19, 1213
List the prime factors of 35781.
3, 11927
List the prime factors of 1560.
2, 3, 5, 13
List the prime factors of 63005.
5, 12601
List the prime factors of 4927.
13, 379
What are the prime factors of 1139?
17, 67
List the prime factors of 10992.
2, 3, 229
List the prime factors of 19807.
29, 683
List the prime factors of 2007.
3, 223
List the prime factors of 3973.
29, 137
What are the prime factors of 13264?
2, 829
List the prime factors of 65264.
2, 4079
What are the prime factors of 2835?
3, 5, 7
List the prime factors of 288.
2, 3
List the prime factors of 1141.
7, 163
What are the prime factors of 12369?
3, 7, 19, 31
List the prime factors of 588.
2, 3, 7
What are the prime factors of 1255?
5, 251
What are the prime factors of 1839?
3, 613
List the prime factors of 71961.
3, 17, 83
What are the prime factors of 3682?
2, 7, 263
What are the prime factors of 19075?
5, 7, 109
List the prime factors of 3335.
5, 23, 29
List the prime factors of 2113.
2113
List the prime factors of 5327.
7, 761
List the prime factors of 1349.
19, 71
What are the prime factors of 36391?
151, 241
List the prime factors of 2498.
2, 1249
List the prime factors of 9541.
7, 29, 47
What are the prime factors of 2892?
2, 3, 241
List the prime factors of 29703.
3, 9901
What are the prime factors of 25888?
2, 809
What are the prime factors of 981?
3, 109
What are the prime factors of 70077?
3, 7, 47, 71
List the prime factors of 6200.
2, 5, 31
List the prime factors of 967.
967
What are the prime factors of 544?
2, 17
What are the prime factors of 92948?
2, 19, 1223
What are the prime factors of 89191?
79, 1129
List the prime factors of 20582.
2, 41, 251
List the prime factors of 1970.
2, 5, 197
What are the prime factors of 122457?
3, 40819
List the prime factors of 7396.
2, 43
List the prime factors of 35916.
2, 3, 41, 73
List the prime factors of 407.
11, 37
What are the prime factors of 2623?
43, 61
List the prime factors of 549.
3, 61
What are the prime factors of 35978?
2, 17989
What are the prime factors of 1983?
3, 661
List the prime factors of 3361.
3361
What are the prime factors of 1444?
2, 19
List the prime factors of 581.
7, 83
List the prime factors of 48524.
2, 7, 1733
What are the prime factors of 5298?
2, 3, 883
List the prime factors of 3404.
2, 23, 37
What are the prime factors of 2458?
2, 1229
What are the prime factors of 90812?
2, 73, 311
What are the prime factors of 2041?
13, 157
List the prime factors of 64047.
3, 37, 577
List the prime factors of 559.
13, 43
What are the prime factors of 25076?
2, 6269
List the prime factors of 11504.
2, 719
What are the prime factors of 3789?
3, 421
List the prime factors of 2396.
2, 599
List the prime factors of 34943.
83, 421
List the prime factors of 571.
571
List the prime factors of 2461.
23, 107
List the prime factors of 18271.
11, 151
What are the prime factors of 1440?
2, 3, 5
What are the prime factors of 6813?
3, 757
What are the prime factors of 8496?
2, 3, 59
List the prime factors of 73939.
73939
What are the prime factors of 342?
2, 3, 19
What are the prime factors of 70447?
13, 5419
List the prime factors of 20265.
3, 5, 7, 193
List the prime factors of 7475.
5, 13, 23
List the prime factors of 14668.
2, 19, 193
List the prime factors of 787.
787
List the prime factors of 19160.
2, 5, 479
List the prime factors of 59993.
17, 3529
What are the prime factors of 9673?
17, 569
What are the prime factors of 39003?
3, 13001
List the prime factors of 2189.
11, 199
List the prime factors of 26829.
3, 11, 271
What are the prime factors of 44343?
3, 13, 379
List the prime factors of 10020.
2, 3, 5, 167
List the prime factors of 30592.
2, 239
What are the prime factors of 2402?
2, 1201
What are the prime factors of 8219?
8219
List the prime factors of 6503.
7, 929
List the prime factors of 2321.
11, 211
What are the prime factors of 1529?
11, 139
List the prime factors of 108187.
108187
List the prime factors of 5486.
2, 13, 211
List the prime factors of 64656.
2, 3, 449
What are the prime factors of 565?
5, 113
What are the prime factors of 1493?
1493
List the prime factors of 4071.
3, 23, 59
What are the prime factors of 40127?
40127
What are the prime factors of 16300?
2, 5, 163
List the prime factors of 452.
2, 113
What are the prime factors of 215?
5, 43
List the prime factors of 932.
2, 233
List the prime factors of 236.
2, 59
What are the prime factors of 253?
11, 23
What are the prime factors of 3625?
5, 29
What